ose -u = 5*v + 4 + 2, 0 = -4*v - 8. Calculate the highest common factor of o and u.
4
Suppose -60 = -3*s + 39. Let o be (-4)/(-8) - 86/(-4). What is the greatest common factor of o and s?
11
Let h be (2 + 10/(-2))*1. Let d be 1*77 + 0/h. Suppose -80 = -5*t - 25. Calculate the greatest common divisor of d and t.
11
Let o(b) = b**3 + 17*b**2 + 17*b + 19. Let j be o(-16). Calculate the highest common divisor of 6 and j.
3
Let z be 702/11 - (-4)/22. What is the highest common factor of 16 and z?
16
Suppose 10*o - 5*o = -5*f + 385, 3*f + 5*o - 223 = 0. Let n = -46 - -55. Calculate the greatest common divisor of n and f.
9
Let g(n) = -3*n**2 + 6*n + 1. Let b(c) = -16*c**2 + 30*c + 6. Let s(l) = -2*b(l) + 11*g(l). Let j be s(5). Calculate the greatest common divisor of j and 2.
2
Suppose -3*y + 70 = 2*y + 4*p, y = 2*p + 28. Calculate the highest common divisor of 198 and y.
18
Suppose w - 5*w + 2*n + 4 = 0, 2*w - 4*n + 10 = 0. Let g be (-12)/(w/(-6)*1). Let b = 21 + -5. What is the highest common divisor of b and g?
8
Let n = -7 + -11. Let k be ((-81)/n)/(2/40). What is the highest common factor of 10 and k?
10
Let v = -46 + 809. Suppose 0 = 5*r - z - 995, -v - 247 = -5*r + 4*z. Calculate the greatest common divisor of 18 and r.
18
Let i(w) = 5*w**3 - w**2 + 3*w - 9. Let z be i(3). Calculate the greatest common divisor of 18 and z.
18
Suppose -4*v = 5*p + 270, -p + 6*p + 130 = -2*v. Let u = v - -105. Calculate the highest common divisor of 14 and u.
7
Suppose 0 = -3*v + 27 - 9. What is the highest common divisor of 6 and v?
6
Let r = 45 - 25. Suppose r = t + 3*t. Suppose -4*p = 4*b + 16, t*b - b = -p - 1. What is the highest common factor of 7 and b?
1
Let p = -30 - -48. What is the greatest common divisor of 6 and p?
6
Let b(h) = 104*h**3 + 2*h**2 - 2*h + 1. Let g be b(1). What is the greatest common divisor of g and 42?
21
Let l = 129 - 116. What is the highest common factor of l and 65?
13
Suppose -4*r + 16 = 0, 3*r = b - 3*b + 16. What is the greatest common divisor of b and 3?
1
Let a(n) = n**2 + n - 18. Let w be a(0). Let y be (-1)/2 - 639/w. Calculate the highest common factor of y and 7.
7
Let v(z) = -z + 47. Let n be v(14). Calculate the highest common divisor of 9 and n.
3
Suppose 0 = -3*u - x + 9, 0 = -3*u - 4*x + 18 - 0. Let s(v) = -v. Let r be (8/(-12))/((-2)/(-18)). Let b be s(r). What is the greatest common factor of u and b?
2
Suppose 0 = 2*o + 4, 2*g + 0*g - 40 = 2*o. Calculate the greatest common divisor of g and 27.
9
Let a(t) = -t**3 - 6*t**2 - 5*t + 7. Let x be a(-5). Let j be 2/1*43/2. Suppose 0 = -4*p + 239 - j. What is the highest common factor of x and p?
7
Suppose -44 = -4*i + 2*k, -i + 5 = 3*k - 2*k. What is the highest common factor of i and 6?
3
Suppose 0 = u - 2*u + 112. Suppose -7*b = -2*b. Suppose 5*q + b*q - 70 = 0. What is the highest common factor of q and u?
14
Suppose -7*z + 380 = 2*o - 2*z, o = 4*z + 164. Suppose -j = -0*j + c - o, 0 = j - 2*c - 168. Calculate the highest common factor of j and 16.
16
Suppose 820 = 4*g + 3*a - 0*a, -3*a + 612 = 3*g. What is the greatest common factor of g and 13?
13
Suppose 0*h = h - 1. Let s be ((-185)/10)/(h/2). Let j = 28 - s. What is the greatest common divisor of 13 and j?
13
Suppose 0 = 3*z + 2*n + 71, -2*z - 2*z = -3*n + 106. Let h = -4 - z. Calculate the highest common factor of h and 3.
3
Suppose -4*q - 14 = -2*c, 5*q + 15 + 4 = 3*c. Let x = c + -8. Let i be ((-3)/1 - x) + 7. Calculate the greatest common divisor of 36 and i.
9
Let i be ((-423)/(-6))/(1/2). Suppose -2*o - d = -4*d - i, 0 = -o + d + 68. What is the greatest common factor of 9 and o?
9
Let b = -41 + 77. Let k be (-2)/(-1 + 1/2). Let z(j) = 2*j**2 - 5*j. Let p be z(k). Calculate the greatest common factor of p and b.
12
Let y(h) = -2*h**2 + 5*h + 3. Let v be y(-3). Let n = v - -45. Let c be ((-48)/n)/((-2)/15). What is the highest common factor of c and 8?
8
Suppose 1 - 81 = -4*m. Calculate the highest common divisor of m and 50.
10
Suppose -2*d + 5*d = 4*n - 474, -3*n + d = -358. What is the greatest common divisor of n and 15?
15
Suppose 126 = -s + 2*s. What is the greatest common factor of 14 and s?
14
Suppose -3*q = -4*z + 137, 2*z + 61 = 4*z + q. Calculate the highest common factor of 4 and z.
4
Suppose -3 = -3*i, -3*i - 5 = -y - 2*i. Let u = 13 - y. What is the highest common factor of u and 56?
7
Let b = 0 - -1. Let w(g) = g**2 - 8*g - 11. Let s be w(10). Calculate the highest common divisor of b and s.
1
Let c(p) = -p**3 + p**2 + p + 28. Let k be c(0). Let o(m) = -m + 1. Let d be o(-6). Calculate the greatest common divisor of d and k.
7
Suppose 0 = 3*g + g - 104. Suppose 0 = p + 4, -2*r - 3*p = -7*p - g. Calculate the greatest common divisor of r and 2.
1
Let v = -4 + 8. Suppose -v*u = -w + 6*w - 29, u = -4*w + 21. Suppose 2*a = w*a - 108. What is the highest common divisor of 4 and a?
4
Let r be 32/18 - 14/(-63). Suppose -r*o - 4*p = 12, -3 = 4*o - p - 15. What is the greatest common divisor of o and 22?
2
Suppose -5*m = 2*p - 246, -3*p + 152 = 3*m - 4*p. What is the highest common divisor of m and 25?
25
Suppose -5*z = -38 - 7. Let r be 2/((2 + -1)/9). What is the greatest common factor of r and z?
9
Suppose 0*y + 2*y - 12 = 0. Let c = y + -1. Suppose j + 2*j = 4*g - 13, 5*j + 17 = 2*g. Calculate the highest common divisor of c and g.
1
Let c = 203 + -191. What is the highest common factor of 16 and c?
4
Let j = 6 + -6. Suppose j = -a + 14 - 0. What is the highest common divisor of 84 and a?
14
Let s = 4 + -1. Suppose 0 = 5*i - 3*u - 101, 2*i = 4*i - s*u - 35. Calculate the highest common divisor of i and 198.
22
Let k be (-162)/(-4) - 3/6. What is the highest common factor of 8 and k?
8
Let o be (-15)/(0 - 1/2). Suppose 15*y = 12*y + 36. What is the highest common factor of y and o?
6
Let w be (2*15)/(7/(-14)). Let i be w + (-3)/(-4 - -3). Let g = i - -117. What is the highest common divisor of g and 12?
12
Let u(c) = -8*c**2 + c + 1. Let y be u(-2). Let a = -20 - y. What is the highest common divisor of 143 and a?
13
Suppose 0 = 4*r - 73 + 21. Suppose -4*o + 8 = 0, 4*y - 2*o = r + 15. Let b = -19 + 35. What is the greatest common divisor of b and y?
8
Let r = -1 - -3. Suppose 0 = -r*l + 7 + 297. Calculate the highest common factor of l and 19.
19
Let l(m) = -2*m**3 - 2. Let b be l(-2). Let a = -63 + 65. What is the highest common divisor of a and b?
2
Suppose -198 = -4*v + 2*v. Calculate the greatest common divisor of v and 9.
9
Suppose -p - 228 = -4*p. Calculate the highest common factor of 19 and p.
19
Let o(y) be the first derivative of y**3/3 + y**2 - 3*y - 4. Let t be o(5). What is the greatest common divisor of 48 and t?
16
Let q(r) = -r**3 + 9*r**2 - 7*r - 1. Let w be q(7). Let o = 12 + 4. What is the highest common divisor of o and w?
16
Let d be (0 - 10/(-4))*26. Let m(w) = 24*w + 2. Let x be m(1). What is the greatest common factor of d and x?
13
Let j be 4 + 4/8*-2. Suppose j*u - 69 + 21 = 0. What is the highest common divisor of u and 16?
16
Suppose -96 = t - 5*t. What is the greatest common factor of t and 96?
24
Let u = 11 + -36. Let j be (-5)/(u/3)*10. What is the highest common factor of 18 and j?
6
Let x(f) = 55*f - 6. Let k be x(1). What is the greatest common divisor of k and 7?
7
Let u(r) = -r**3 + 15*r**2 + 7*r - 24. Let o be u(16). Let q = o + 330. Calculate the greatest common factor of 18 and q.
18
Let j be 1238/(-8) + (-1)/4. Suppose -4*s = s - 1270. Let n = s + j. Calculate the highest common divisor of n and 11.
11
Suppose 0 = -f, 2*f - 4*f + 4 = 2*p. Let n = 2 + p. Calculate the highest common factor of n and 8.
4
Let u(y) = 4*y - 36. Let p be u(15). Calculate the highest common divisor of p and 40.
8
Let j(z) = 5*z + 4. Let k be (12/14)/(1/7). Let x be j(k). Suppose -5*r = -2*r - 51. What is the highest common divisor of r and x?
17
Let v be (4/(-6))/(1/(-9)). Calculate the highest common factor of v and 6.
6
Let b(h) = h**3 - 16*h**2 + 16*h - 13. Let r be b(15). Suppose v - 2*n - 15 = 0, -r*v = -4*v + n + 42. What is the highest common factor of v and 92?
23
Let m(s) = -s**3 + 4*s**2 + 2*s - 4. Let v be m(3). Let o(h) = h**2 + 4*h + 6. Let c be o(-5). Calculate the highest common divisor of c and v.
11
Suppose 6*u - u + 35 = 0. Let p = u - -13. Calculate the h